{"id":255,"date":"2015-12-24T10:27:44","date_gmt":"2015-12-24T10:27:44","guid":{"rendered":"http:\/\/www.caranorte.com\/ca\/?page_id=255"},"modified":"2018-01-04T07:33:00","modified_gmt":"2018-01-04T07:33:00","slug":"qui","status":"publish","type":"page","link":"https:\/\/www.caranorte.com\/ca\/qui\/","title":{"rendered":"Qui hi ha al darrere?"},"content":{"rendered":"<div class=\"fusion-fullwidth fullwidth-box fusion-builder-row-1 nonhundred-percent-fullwidth non-hundred-percent-height-scrolling\" style=\"--awb-background-position:left top;--awb-border-radius-top-left:0px;--awb-border-radius-top-right:0px;--awb-border-radius-bottom-right:0px;--awb-border-radius-bottom-left:0px;--awb-padding-top:20px;--awb-padding-bottom:20px;--awb-border-sizes-top:0px;--awb-border-sizes-bottom:0px;--awb-flex-wrap:wrap;\" ><div class=\"fusion-builder-row fusion-row\"><div class=\"fusion-layout-column fusion_builder_column fusion-builder-column-0 fusion_builder_column_1_1 1_1 fusion-one-full fusion-column-first fusion-column-last fusion-column-no-min-height\" style=\"--awb-bg-size:cover;--awb-margin-bottom:0px;\"><div class=\"fusion-column-wrapper fusion-flex-column-wrapper-legacy\"><div class=\"fusion-text fusion-text-1\"><h1 style=\"text-align: center;\"><strong>Qui hi ha al darrera?<br \/>\n<\/strong><\/h1>\n<\/div><div class=\"fusion-clearfix\"><\/div><\/div><\/div><div class=\"fusion-layout-column fusion_builder_column fusion-builder-column-1 fusion_builder_column_1_2 1_2 fusion-one-half fusion-column-first\" style=\"--awb-bg-size:cover;width:48%; margin-right: 4%;\"><div class=\"fusion-column-wrapper fusion-flex-column-wrapper-legacy\"><div class=\"fusion-text fusion-text-2\"><div id=\"attachment_256\" style=\"width: 310px\" class=\"wp-caption aligncenter\"><img decoding=\"async\" aria-describedby=\"caption-attachment-256\" class=\"size-full wp-image-256\" src=\"http:\/\/www.caranorte.com\/ca\/wp-content\/uploads\/2015\/12\/Ferran-Martinez-Escamez-Car.jpg\" alt=\"Ferran Mart\u00ednez Esc\u00e1mez, guia de monta\u00f1a UIAGM\" width=\"300\" height=\"201\" srcset=\"https:\/\/www.caranorte.com\/ca\/wp-content\/uploads\/2015\/12\/Ferran-Martinez-Escamez-Car-120x80.jpg 120w, https:\/\/www.caranorte.com\/ca\/wp-content\/uploads\/2015\/12\/Ferran-Martinez-Escamez-Car.jpg 300w\" sizes=\"(max-width: 300px) 100vw, 300px\" \/><p id=\"caption-attachment-256\" class=\"wp-caption-text\">Ferran, guia de alta monta\u00f1a UIAGM<\/p><\/div>\n<p>Benvinguts i benvingudes a la meva p\u00e0gina web. Em dic<strong> Ferran Mart\u00ednez Esc\u00e1mez <\/strong>i aqu\u00ed podreu trobar tot el relacionat amb la meva feina i els serveis que ofereixo. Soc guia d&#8217;alta muntanya amb credencial internacional <strong>UIAGM<\/strong>. Tinc la titulaci\u00f3 de <strong>T\u00e8cnic Superior d&#8217;Esports en Alta Muntanya<\/strong> i em dedico plenament al meu treball com a guia aut\u00f2nom. Les meves oficines s\u00f3n a la muntanya fet que em dona flexibilitat per moure&#8217;m per totes les serralades i la possibilitat d&#8217;oferir uns preus m\u00e9s ajustats.<\/p>\n<blockquote>\n<p>\u201dM&#8217;agrada cuidar els petits detalls, prioritzar la seguretat tot arribant un pas m\u00e9s enll\u00e0 per tal d&#8217;aconseguir que les activitats es converteixin en experi\u00e8ncies inovidables i especials. Per aix\u00f2 intento fugir dels programes r\u00edgidament estructurats i sempre prioritzarem al m\u00e0xim les activitats personalitzades i adaptades als participants\u201d.<\/p>\n<\/blockquote>\n<p>Actualment visc a la <strong>Cerdanya<\/strong>, un indret fant\u00e0stic per a la pr\u00e0ctica dels esports de muntanya i per aix\u00f2 gran part de les meves activitats les desenvolupo aqu\u00ed. Per\u00f2 tamb\u00e9 em moc per altres zones de Catalunya, Espanya i els Alps.<\/p>\n<p>Pots saber-ne m\u00e9s pots accedir a <a href=\"https:\/\/es.linkedin.com\/in\/caranorte\" target=\"_blank\" rel=\"noopener\">Linkedin<\/a>, o visitar-me a les xarxes socials d&#8217;<a href=\"http:\/\/www.instagram.com\/cara.norte\" target=\"_blank\" rel=\"noopener\">Instagram,<\/a>\u00a0 <a href=\"http:\/\/www.facebook.com\/caranorte\" target=\"_blank\" rel=\"noopener\">Facebook<\/a> i <a href=\"http:\/\/www.twitter.com\/caranorte\" target=\"_blank\" rel=\"noopener\">Twitter<\/a>.<\/p>\n<\/div><div class=\"fusion-clearfix\"><\/div><\/div><\/div><div class=\"fusion-layout-column fusion_builder_column fusion-builder-column-2 fusion_builder_column_1_2 1_2 fusion-one-half fusion-column-last\" style=\"--awb-bg-size:cover;width:48%;\"><div class=\"fusion-column-wrapper fusion-flex-column-wrapper-legacy\"><div class=\"fusion-text fusion-text-3\"><div id=\"attachment_262\" style=\"width: 444px\" class=\"wp-caption aligncenter\"><img decoding=\"async\" aria-describedby=\"caption-attachment-262\" class=\"size-full wp-image-262\" src=\"http:\/\/www.caranorte.com\/ca\/wp-content\/uploads\/2015\/12\/la-passio-del-Guia-de-munta.jpg\" alt=\"Guia d'alta muntanya UIAGM\" width=\"434\" height=\"201\" srcset=\"https:\/\/www.caranorte.com\/ca\/wp-content\/uploads\/2015\/12\/la-passio-del-Guia-de-munta-120x56.jpg 120w, https:\/\/www.caranorte.com\/ca\/wp-content\/uploads\/2015\/12\/la-passio-del-Guia-de-munta-300x139.jpg 300w, https:\/\/www.caranorte.com\/ca\/wp-content\/uploads\/2015\/12\/la-passio-del-Guia-de-munta.jpg 434w\" sizes=\"(max-width: 434px) 100vw, 434px\" \/><p id=\"caption-attachment-262\" class=\"wp-caption-text\">Passi\u00f3 per la muntanya<\/p><\/div>\n<p><strong>Caranorte.com<\/strong> neix al 1999 amb la idea de compartir aquesta passi\u00f3 per la muntanya arrel d&#8217;una ascensi\u00f3 a la cara nord de les Grandes Jorasses. Amb el temps s&#8217;ampli\u00e0 a l&#8217;escalada, l&#8217;alpinisme, l&#8217;esqu\u00ed de muntanya, l&#8217;excursionisme i tots els esports amb contacte amb la natura.<\/p>\n<p>Actualment aquesta passi\u00f3 es comparteix en forma d&#8217;activitats organitzades amb guia de muntanya, cursos i formaci\u00f3, condicions de la muntanya, itineraris, ascensions, articles, biografies i relats.<\/p>\n<\/div><div class=\"fusion-clearfix\"><\/div><\/div><\/div><\/div><\/div>\n","protected":false},"excerpt":{"rendered":"","protected":false},"author":1,"featured_media":0,"parent":0,"menu_order":0,"comment_status":"closed","ping_status":"closed","template":"100-width.php","meta":{"footnotes":""},"class_list":["post-255","page","type-page","status-publish","hentry"],"_links":{"self":[{"href":"https:\/\/www.caranorte.com\/ca\/wp-json\/wp\/v2\/pages\/255","targetHints":{"allow":["GET"]}}],"collection":[{"href":"https:\/\/www.caranorte.com\/ca\/wp-json\/wp\/v2\/pages"}],"about":[{"href":"https:\/\/www.caranorte.com\/ca\/wp-json\/wp\/v2\/types\/page"}],"author":[{"embeddable":true,"href":"https:\/\/www.caranorte.com\/ca\/wp-json\/wp\/v2\/users\/1"}],"replies":[{"embeddable":true,"href":"https:\/\/www.caranorte.com\/ca\/wp-json\/wp\/v2\/comments?post=255"}],"version-history":[{"count":10,"href":"https:\/\/www.caranorte.com\/ca\/wp-json\/wp\/v2\/pages\/255\/revisions"}],"predecessor-version":[{"id":923,"href":"https:\/\/www.caranorte.com\/ca\/wp-json\/wp\/v2\/pages\/255\/revisions\/923"}],"wp:attachment":[{"href":"https:\/\/www.caranorte.com\/ca\/wp-json\/wp\/v2\/media?parent=255"}],"curies":[{"name":"wp","href":"https:\/\/api.w.org\/{rel}","templated":true}]}}

<div class="fusion-fullwidth fullwidth-box fusion-builder-row-1 nonhundred-percent-fullwidth non-hundred-percent-height-scrolling" style="--awb-background-position:left top;--awb-border-radius-top-left:0px;--awb-border-radius-top-right:0px;--awb-border-radius-bottom-right:0px;--awb-border-radius-bottom-left:0px;--awb-padding-top:20px;--awb-padding-bottom:20px;--awb-border-sizes-top:0px;--awb-border-sizes-bottom:0px;--awb-flex-wrap:wrap;" ><div class="fusion-builder-row fusion-row"><div class="fusion-layout-column fusion_builder_column fusion-builder-column-0 fusion_builder_column_1_1 1_1 fusion-one-full fusion-column-first fusion-column-last fusion-column-no-min-height" style="--awb-bg-size:cover;--awb-margin-bottom:0px;"><div class="fusion-column-wrapper fusion-flex-column-wrapper-legacy"><div class="fusion-text fusion-text-1"><h1 style="text-align: center;"><strong>Qui hi ha al darrera?<br />
</strong></h1>
</div><div class="fusion-clearfix"></div></div></div><div class="fusion-layout-column fusion_builder_column fusion-builder-column-1 fusion_builder_column_1_2 1_2 fusion-one-half fusion-column-first" style="--awb-bg-size:cover;width:48%; margin-right: 4%;"><div class="fusion-column-wrapper fusion-flex-column-wrapper-legacy"><div class="fusion-text fusion-text-2"><div id="attachment_256" style="width: 310px" class="wp-caption aligncenter"><img decoding="async" aria-describedby="caption-attachment-256" class="size-full wp-image-256" src="http://www.caranorte.com/ca/wp-content/uploads/2015/12/Ferran-Martinez-Escamez-Car.jpg" alt="Ferran Martínez Escámez, guia de montaña UIAGM" width="300" height="201" srcset="https://www.caranorte.com/ca/wp-content/uploads/2015/12/Ferran-Martinez-Escamez-Car-120x80.jpg 120w, https://www.caranorte.com/ca/wp-content/uploads/2015/12/Ferran-Martinez-Escamez-Car.jpg 300w" sizes="(max-width: 300px) 100vw, 300px" /><p id="caption-attachment-256" class="wp-caption-text">Ferran, guia de alta montaña UIAGM</p></div>
<p>Benvinguts i benvingudes a la meva pàgina web. Em dic<strong> Ferran Martínez Escámez </strong>i aquí podreu trobar tot el relacionat amb la meva feina i els serveis que ofereixo. Soc guia d&#8217;alta muntanya amb credencial internacional <strong>UIAGM</strong>. Tinc la titulació de <strong>Tècnic Superior d&#8217;Esports en Alta Muntanya</strong> i em dedico plenament al meu treball com a guia autònom. Les meves oficines són a la muntanya fet que em dona flexibilitat per moure&#8217;m per totes les serralades i la possibilitat d&#8217;oferir uns preus més ajustats.</p>
<blockquote>
<p>”M&#8217;agrada cuidar els petits detalls, prioritzar la seguretat tot arribant un pas més enllà per tal d&#8217;aconseguir que les activitats es converteixin en experiències inovidables i especials. Per això intento fugir dels programes rígidament estructurats i sempre prioritzarem al màxim les activitats personalitzades i adaptades als participants”.</p>
</blockquote>
<p>Actualment visc a la <strong>Cerdanya</strong>, un indret fantàstic per a la pràctica dels esports de muntanya i per això gran part de les meves activitats les desenvolupo aquí. Però també em moc per altres zones de Catalunya, Espanya i els Alps.</p>
<p>Pots saber-ne més pots accedir a <a href="https://es.linkedin.com/in/caranorte" target="_blank" rel="noopener">Linkedin</a>, o visitar-me a les xarxes socials d&#8217;<a href="http://www.instagram.com/cara.norte" target="_blank" rel="noopener">Instagram,</a>  <a href="http://www.facebook.com/caranorte" target="_blank" rel="noopener">Facebook</a> i <a href="http://www.twitter.com/caranorte" target="_blank" rel="noopener">Twitter</a>.</p>
</div><div class="fusion-clearfix"></div></div></div><div class="fusion-layout-column fusion_builder_column fusion-builder-column-2 fusion_builder_column_1_2 1_2 fusion-one-half fusion-column-last" style="--awb-bg-size:cover;width:48%;"><div class="fusion-column-wrapper fusion-flex-column-wrapper-legacy"><div class="fusion-text fusion-text-3"><div id="attachment_262" style="width: 444px" class="wp-caption aligncenter"><img decoding="async" aria-describedby="caption-attachment-262" class="size-full wp-image-262" src="http://www.caranorte.com/ca/wp-content/uploads/2015/12/la-passio-del-Guia-de-munta.jpg" alt="Guia d'alta muntanya UIAGM" width="434" height="201" srcset="https://www.caranorte.com/ca/wp-content/uploads/2015/12/la-passio-del-Guia-de-munta-120x56.jpg 120w, https://www.caranorte.com/ca/wp-content/uploads/2015/12/la-passio-del-Guia-de-munta-300x139.jpg 300w, https://www.caranorte.com/ca/wp-content/uploads/2015/12/la-passio-del-Guia-de-munta.jpg 434w" sizes="(max-width: 434px) 100vw, 434px" /><p id="caption-attachment-262" class="wp-caption-text">Passió per la muntanya</p></div>
<p><strong>Caranorte.com</strong> neix al 1999 amb la idea de compartir aquesta passió per la muntanya arrel d&#8217;una ascensió a la cara nord de les Grandes Jorasses. Amb el temps s&#8217;amplià a l&#8217;escalada, l&#8217;alpinisme, l&#8217;esquí de muntanya, l&#8217;excursionisme i tots els esports amb contacte amb la natura.</p>
<p>Actualment aquesta passió es comparteix en forma d&#8217;activitats organitzades amb guia de muntanya, cursos i formació, condicions de la muntanya, itineraris, ascensions, articles, biografies i relats.</p>
</div><div class="fusion-clearfix"></div></div></div></div></div>
